{"id":652,"date":"2020-12-06T23:17:29","date_gmt":"2020-12-07T02:17:29","guid":{"rendered":"http:\/\/fortebaterias.com\/site\/?page_id=652"},"modified":"2020-12-06T23:17:29","modified_gmt":"2020-12-07T02:17:29","slug":"bateria-de-carro-tudor-65-em-belo-horizonte","status":"publish","type":"page","link":"https:\/\/fortebaterias.com\/site\/bateria-de-carro-tudor-65-em-belo-horizonte\/","title":{"rendered":"Bateria de carro Tudor 65 em Belo Horizonte"},"content":{"rendered":"<p>[et_pb_section bb_built=&#8221;1&#8243;][et_pb_row][et_pb_column type=&#8221;4_4&#8243;][et_pb_text _builder_version=&#8221;3.19.15&#8243; header_text_color=&#8221;#e02b20&#8243; header_font_size=&#8221;40px&#8221;]<\/p>\n<h1><strong>Bateria de carro Tudor 65 em Belo Horizonte <\/strong><\/h1>\n<p>[\/et_pb_text][et_pb_text _builder_version=&#8221;3.19.15&#8243;]<\/p>\n<p>As novas baterias automotivas seladas da Tudor dispensam manuten\u00e7\u00e3o, devido seu consumo m\u00ednimo de \u00e1gua. Por isso a Tudor \u00e9 considerada uma marca inovadora que acompanha os avan\u00e7os tecnol\u00f3gicos e aperfei\u00e7oa seus produtos constantemente.\u00a0 A bateria de carro Tudor 65 em Belo Horizonte \u00e9 a melhor para carros que possuem demanda de energia com qualidade e performance superior para seus adicionais el\u00e9tricos.<\/p>\n<p><img loading=\"lazy\" decoding=\"async\" class=\"alignnone  wp-image-526\" src=\"http:\/\/fortebaterias.com\/site\/wp-content\/uploads\/2020\/12\/ONIX-300x162.png\" alt=\"bateria-carro-moura-bh\" width=\"404\" height=\"218\" \/><\/p>\n<h3><strong>Caracter\u00edsticas da bateria de carro Tudor 65 Belo Horizonte<\/strong><\/h3>\n<p>O modelo de bateria com 65 amperes da Tudor em Belo Horizonte atende perfeitamente ve\u00edculos que precisam de energia suficiente para seus itens essenciais. Com arranque a frio de 520 A, a bateria Tudor promove qualidade e seguran\u00e7a em seu modelo 65 amperes. Tamb\u00e9m h\u00e1 diversos itens que elevam a qualidade e desempenho da Tudor como:<\/p>\n<ul>\n<li>Aditivos adicionados \u00e0 massa ativa que elevam a \u00e1rea de rea\u00e7\u00e3o qu\u00edmica, promovendo maior desempenho el\u00e9trico e maior vida \u00fatil com mais de ciclos.<\/li>\n<li>Corrente de partida maior em qualquer situa\u00e7\u00e3o, devido \u00e0 tecnologia do separador de Polietileno envelopado.<\/li>\n<li>Menor consumo de \u00e1gua, em raz\u00e3o das c\u00e2maras de condensa\u00e7\u00e3o que bloqueiam e reduzem os gases produzidos nas rea\u00e7\u00f5es qu\u00edmicas no processo de carga e descarga.<\/li>\n<li>As baterias da marca Tudor s\u00e3o produzidas com alta padr\u00e3o de qualidade e com tecnologia avan\u00e7ada, o que traz diferencias do seu produto como:<\/li>\n<li>Liga de Chumbo-C\u00e1lcio-Estanho nas grades internas que promovem consumo m\u00ednimo de \u00e1gua e maior resist\u00eancia contra a corros\u00e3o.<\/li>\n<li>Filtros anti-chamas inseridos nos respiros das extremidades que impedem fagulhas externas.<\/li>\n<li>Transporte e instala\u00e7\u00e3o com seguran\u00e7a, gra\u00e7as as al\u00e7as adaptadas.<\/li>\n<li>Prote\u00e7\u00e3o para os polos dos terminais<\/li>\n<li>Indicador de carga com duas esferas que promovem visualiza\u00e7\u00e3o completa das informa\u00e7\u00f5es do estado da carga da bateria. (baterias EFB)<\/li>\n<\/ul>\n<h3><strong>Como saber se a bateria precisa ser trocada?\u00a0\u00a0\u00a0\u00a0\u00a0\u00a0\u00a0 <\/strong><\/h3>\n<p>Os primeiros sinais quando uma bateria est\u00e1 acabando s\u00e3o as falhas na parte el\u00e9trica e dificuldade de ligar o motor.<\/p>\n<p>Cheiros fortes e estranhos vindo da bateria, superaquecimento ou gotejamento de solu\u00e7\u00e3o pelas cavidades dos suspiros indicam normalmente falhas do regulador de tens\u00e3o, isso pode acontecer quando h\u00e1 uma sobrecarga devido \u00e0 amperagem maior do que a necess\u00e1ria. Todos esses ind\u00edcios s\u00e3o sinais que voc\u00ea precisa trocar a bateria do seu ve\u00edculo.<\/p>\n<p><strong>Quanto tempo a bateria de carro Tudor 65 dura?<\/strong><\/p>\n<p>Geralmente as baterias de carro duram de 4 a 5 anos, mas isso depende dos cuidados que foram tomados durante o seu tempo de uso.\u00a0 Algumas dicas podem auxiliar a sua bateria a ter uma vida \u00fatil maior.<\/p>\n<ul>\n<li>Primeiramente, a partida s\u00f3 pode ser dada quando todos os equipamentos el\u00e9tricos est\u00e3o desligados.<\/li>\n<li>Os terminais dos cabos devem estar sempre em bom estado e conectados corretamente.<\/li>\n<li>Com o ve\u00edculo parado evite que os equipamentos el\u00e9tricos fiquem ligados por muito tempo.<\/li>\n<li>Quando for realizar a instala\u00e7\u00e3o de acess\u00f3rios ou substitui\u00e7\u00e3o por outros com potencia mais elevada que a original de fabrica, fa\u00e7a com um t\u00e9cnico especializado para determinar qual a melhor bateria, cabos e sistema el\u00e9trico para o ve\u00edculo.<\/li>\n<li>Baterias de arranque n\u00e3o devem ser utilizadas em ve\u00edculos de tra\u00e7\u00e3o el\u00e9trica e sistemas estacion\u00e1rios, o prazo \u00fatil da bateria ser\u00e1 reduzido e sua qualidade comprometida, o que resultar\u00e1 na perda da garantia.<\/li>\n<li>Baterias reservas devem ser averiguadas constantemente e caso seja necess\u00e1rio voc\u00ea deve recarreg\u00e1-las.<\/li>\n<li>N\u00e3o realize retirada da bateria do seu ve\u00edculo com pancadas ou utilizando objetos para fazer uma alavanca, os terminais podem ser comprometidos e danificados seriamente.<\/li>\n<li>A bandeja de suporte da bateria deve estar sempre em bom estado de conserva\u00e7\u00e3o, sem proemin\u00eancias e corros\u00f5es. A falta de cuidados com a bandeja pode furar a bateria a ate mesmo corrompe-la com ferro.<\/li>\n<li>Caso voc\u00ea n\u00e3o tenha experi\u00eancia na troca da bateria, ent\u00e3o n\u00e3o realize a troca voc\u00ea mesmo. A bateria deve estar posicionada perfeitamente no suporte do carro, pois a m\u00e1 coloca\u00e7\u00e3o gera danos ao ve\u00edculo, principalmente a parte el\u00e9trica, e que podem causar preju\u00edzos e redu\u00e7\u00e3o de sua vida \u00fatil.<\/li>\n<li>O sistema el\u00e9trico deve ser revisado a cada 03 meses, e a cada 30.000 km uma nova revis\u00e3o deve ser feita no alternador de tens\u00e3o, desse modo voc\u00ea ter\u00e1 certeza que a bateria do seu carro est\u00e1 recarregada adequadamente.<\/li>\n<li>Sempre compre e utilize a bateria com a exata especifica\u00e7\u00e3o e tamanho recomendada no manual do fabricante do ve\u00edculo ou da bateria.<\/li>\n<li>A garantia deve ser guardada ap\u00f3s ser preenchida corretamente, pois em caso de pane ser\u00e1 mais f\u00e1cil identificar seu atendimento em qualquer centro de atendimento Tudor no Brasil. Em casos de duvidas, entre em contato com a central de atendimento.<\/li>\n<\/ul>\n<p><img loading=\"lazy\" decoding=\"async\" class=\"alignnone size-medium wp-image-437\" src=\"http:\/\/fortebaterias.com\/site\/wp-content\/uploads\/2020\/11\/bateria-tudor-bh-300x261.jpg\" alt=\"bateria-tudor-bh\" width=\"300\" height=\"261\" \/><\/p>\n<p>[\/et_pb_text][et_pb_button _builder_version=&#8221;3.19.15&#8243; button_text=&#8221;Fale Conosco&#8221; button_url=&#8221;https:\/\/whats.link\/fortebaterias&#8221; \/][\/et_pb_column][\/et_pb_row][\/et_pb_section]<\/p>\n","protected":false},"excerpt":{"rendered":"<p>[et_pb_section bb_built=&#8221;1&#8243;][et_pb_row][et_pb_column type=&#8221;4_4&#8243;][et_pb_text _builder_version=&#8221;3.19.15&#8243; header_text_color=&#8221;#e02b20&#8243; header_font_size=&#8221;40px&#8221;] Bateria de carro Tudor 65 em Belo Horizonte [\/et_pb_text][et_pb_text _builder_version=&#8221;3.19.15&#8243;] As novas baterias automotivas seladas da Tudor dispensam manuten\u00e7\u00e3o, devido seu consumo m\u00ednimo de \u00e1gua. Por isso a Tudor \u00e9 considerada uma marca inovadora que acompanha os avan\u00e7os tecnol\u00f3gicos e aperfei\u00e7oa seus produtos constantemente.\u00a0 A bateria de carro Tudor [&hellip;]<\/p>\n","protected":false},"author":4,"featured_media":0,"parent":0,"menu_order":0,"comment_status":"closed","ping_status":"closed","template":"","meta":{"footnotes":""},"class_list":["post-652","page","type-page","status-publish","hentry"],"yoast_head":"<!-- This site is optimized with the Yoast SEO plugin v19.9 - https:\/\/yoast.com\/wordpress\/plugins\/seo\/ -->\n<title>Bateria de carro Tudor 65 em Belo Horizonte - Forte Baterias Loja Oficial<\/title>\n<meta name=\"description\" content=\"A Forte Baterias tem as melhores marcas. Entregamos na hora para toda grande BH. Baterias de todas as marcas, entrega imediata.\" \/>\n<meta name=\"robots\" content=\"index, follow, max-snippet:-1, max-image-preview:large, max-video-preview:-1\" \/>\n<link rel=\"canonical\" href=\"https:\/\/fortebaterias.com\/site\/bateria-de-carro-tudor-65-em-belo-horizonte\/\" \/>\n<meta property=\"og:locale\" content=\"pt_BR\" \/>\n<meta property=\"og:type\" content=\"article\" \/>\n<meta property=\"og:title\" content=\"Bateria de carro Tudor 65 em Belo Horizonte - Forte Baterias Loja Oficial\" \/>\n<meta property=\"og:description\" content=\"A Forte Baterias tem as melhores marcas. Entregamos na hora para toda grande BH. Baterias de todas as marcas, entrega imediata.\" \/>\n<meta property=\"og:url\" content=\"https:\/\/fortebaterias.com\/site\/bateria-de-carro-tudor-65-em-belo-horizonte\/\" \/>\n<meta property=\"og:site_name\" content=\"Forte Baterias Loja Oficial\" \/>\n<meta property=\"article:publisher\" content=\"https:\/\/www.facebook.com\/bateriasforte\/\" \/>\n<meta property=\"og:image\" content=\"http:\/\/fortebaterias.com\/site\/wp-content\/uploads\/2020\/12\/ONIX-300x162.png\" \/>\n<meta name=\"twitter:card\" content=\"summary_large_image\" \/>\n<meta name=\"twitter:site\" content=\"@dobateria\" \/>\n<meta name=\"twitter:label1\" content=\"Est. tempo de leitura\" \/>\n\t<meta name=\"twitter:data1\" content=\"4 minutos\" \/>\n<script type=\"application\/ld+json\" class=\"yoast-schema-graph\">{\"@context\":\"https:\/\/schema.org\",\"@graph\":[{\"@type\":\"WebPage\",\"@id\":\"https:\/\/fortebaterias.com\/site\/bateria-de-carro-tudor-65-em-belo-horizonte\/\",\"url\":\"https:\/\/fortebaterias.com\/site\/bateria-de-carro-tudor-65-em-belo-horizonte\/\",\"name\":\"Bateria de carro Tudor 65 em Belo Horizonte - Forte Baterias Loja Oficial\",\"isPartOf\":{\"@id\":\"https:\/\/fortebaterias.com\/site\/#website\"},\"datePublished\":\"2020-12-07T02:17:29+00:00\",\"dateModified\":\"2020-12-07T02:17:29+00:00\",\"description\":\"A Forte Baterias tem as melhores marcas. Entregamos na hora para toda grande BH. Baterias de todas as marcas, entrega imediata.\",\"breadcrumb\":{\"@id\":\"https:\/\/fortebaterias.com\/site\/bateria-de-carro-tudor-65-em-belo-horizonte\/#breadcrumb\"},\"inLanguage\":\"pt-BR\",\"potentialAction\":[{\"@type\":\"ReadAction\",\"target\":[\"https:\/\/fortebaterias.com\/site\/bateria-de-carro-tudor-65-em-belo-horizonte\/\"]}]},{\"@type\":\"BreadcrumbList\",\"@id\":\"https:\/\/fortebaterias.com\/site\/bateria-de-carro-tudor-65-em-belo-horizonte\/#breadcrumb\",\"itemListElement\":[{\"@type\":\"ListItem\",\"position\":1,\"name\":\"In\u00edcio\",\"item\":\"https:\/\/fortebaterias.com\/site\/\"},{\"@type\":\"ListItem\",\"position\":2,\"name\":\"Bateria de carro Tudor 65 em Belo Horizonte\"}]},{\"@type\":\"WebSite\",\"@id\":\"https:\/\/fortebaterias.com\/site\/#website\",\"url\":\"https:\/\/fortebaterias.com\/site\/\",\"name\":\"Forte Baterias Loja Oficial\",\"description\":\"Loja de Baterias Automotivas, Carros, Motos, Estacionarias, Moura, Heliar e outras\",\"publisher\":{\"@id\":\"https:\/\/fortebaterias.com\/site\/#organization\"},\"potentialAction\":[{\"@type\":\"SearchAction\",\"target\":{\"@type\":\"EntryPoint\",\"urlTemplate\":\"https:\/\/fortebaterias.com\/site\/?s={search_term_string}\"},\"query-input\":\"required name=search_term_string\"}],\"inLanguage\":\"pt-BR\"},{\"@type\":\"Organization\",\"@id\":\"https:\/\/fortebaterias.com\/site\/#organization\",\"name\":\"Forte Baterias\",\"url\":\"https:\/\/fortebaterias.com\/site\/\",\"logo\":{\"@type\":\"ImageObject\",\"inLanguage\":\"pt-BR\",\"@id\":\"https:\/\/fortebaterias.com\/site\/#\/schema\/logo\/image\/\",\"url\":\"https:\/\/fortebaterias.com\/site\/wp-content\/uploads\/2022\/09\/forte-baterias.png\",\"contentUrl\":\"https:\/\/fortebaterias.com\/site\/wp-content\/uploads\/2022\/09\/forte-baterias.png\",\"width\":434,\"height\":116,\"caption\":\"Forte Baterias\"},\"image\":{\"@id\":\"https:\/\/fortebaterias.com\/site\/#\/schema\/logo\/image\/\"},\"sameAs\":[\"https:\/\/www.instagram.com\/fortebateriasoficial\/\",\"https:\/\/www.facebook.com\/bateriasforte\/\",\"https:\/\/twitter.com\/dobateria\"]}]}<\/script>\n<!-- \/ Yoast SEO plugin. -->","yoast_head_json":{"title":"Bateria de carro Tudor 65 em Belo Horizonte - Forte Baterias Loja Oficial","description":"A Forte Baterias tem as melhores marcas. Entregamos na hora para toda grande BH. Baterias de todas as marcas, entrega imediata.","robots":{"index":"index","follow":"follow","max-snippet":"max-snippet:-1","max-image-preview":"max-image-preview:large","max-video-preview":"max-video-preview:-1"},"canonical":"https:\/\/fortebaterias.com\/site\/bateria-de-carro-tudor-65-em-belo-horizonte\/","og_locale":"pt_BR","og_type":"article","og_title":"Bateria de carro Tudor 65 em Belo Horizonte - Forte Baterias Loja Oficial","og_description":"A Forte Baterias tem as melhores marcas. Entregamos na hora para toda grande BH. Baterias de todas as marcas, entrega imediata.","og_url":"https:\/\/fortebaterias.com\/site\/bateria-de-carro-tudor-65-em-belo-horizonte\/","og_site_name":"Forte Baterias Loja Oficial","article_publisher":"https:\/\/www.facebook.com\/bateriasforte\/","og_image":[{"url":"http:\/\/fortebaterias.com\/site\/wp-content\/uploads\/2020\/12\/ONIX-300x162.png"}],"twitter_card":"summary_large_image","twitter_site":"@dobateria","twitter_misc":{"Est. tempo de leitura":"4 minutos"},"schema":{"@context":"https:\/\/schema.org","@graph":[{"@type":"WebPage","@id":"https:\/\/fortebaterias.com\/site\/bateria-de-carro-tudor-65-em-belo-horizonte\/","url":"https:\/\/fortebaterias.com\/site\/bateria-de-carro-tudor-65-em-belo-horizonte\/","name":"Bateria de carro Tudor 65 em Belo Horizonte - Forte Baterias Loja Oficial","isPartOf":{"@id":"https:\/\/fortebaterias.com\/site\/#website"},"datePublished":"2020-12-07T02:17:29+00:00","dateModified":"2020-12-07T02:17:29+00:00","description":"A Forte Baterias tem as melhores marcas. Entregamos na hora para toda grande BH. Baterias de todas as marcas, entrega imediata.","breadcrumb":{"@id":"https:\/\/fortebaterias.com\/site\/bateria-de-carro-tudor-65-em-belo-horizonte\/#breadcrumb"},"inLanguage":"pt-BR","potentialAction":[{"@type":"ReadAction","target":["https:\/\/fortebaterias.com\/site\/bateria-de-carro-tudor-65-em-belo-horizonte\/"]}]},{"@type":"BreadcrumbList","@id":"https:\/\/fortebaterias.com\/site\/bateria-de-carro-tudor-65-em-belo-horizonte\/#breadcrumb","itemListElement":[{"@type":"ListItem","position":1,"name":"In\u00edcio","item":"https:\/\/fortebaterias.com\/site\/"},{"@type":"ListItem","position":2,"name":"Bateria de carro Tudor 65 em Belo Horizonte"}]},{"@type":"WebSite","@id":"https:\/\/fortebaterias.com\/site\/#website","url":"https:\/\/fortebaterias.com\/site\/","name":"Forte Baterias Loja Oficial","description":"Loja de Baterias Automotivas, Carros, Motos, Estacionarias, Moura, Heliar e outras","publisher":{"@id":"https:\/\/fortebaterias.com\/site\/#organization"},"potentialAction":[{"@type":"SearchAction","target":{"@type":"EntryPoint","urlTemplate":"https:\/\/fortebaterias.com\/site\/?s={search_term_string}"},"query-input":"required name=search_term_string"}],"inLanguage":"pt-BR"},{"@type":"Organization","@id":"https:\/\/fortebaterias.com\/site\/#organization","name":"Forte Baterias","url":"https:\/\/fortebaterias.com\/site\/","logo":{"@type":"ImageObject","inLanguage":"pt-BR","@id":"https:\/\/fortebaterias.com\/site\/#\/schema\/logo\/image\/","url":"https:\/\/fortebaterias.com\/site\/wp-content\/uploads\/2022\/09\/forte-baterias.png","contentUrl":"https:\/\/fortebaterias.com\/site\/wp-content\/uploads\/2022\/09\/forte-baterias.png","width":434,"height":116,"caption":"Forte Baterias"},"image":{"@id":"https:\/\/fortebaterias.com\/site\/#\/schema\/logo\/image\/"},"sameAs":["https:\/\/www.instagram.com\/fortebateriasoficial\/","https:\/\/www.facebook.com\/bateriasforte\/","https:\/\/twitter.com\/dobateria"]}]}},"_links":{"self":[{"href":"https:\/\/fortebaterias.com\/site\/wp-json\/wp\/v2\/pages\/652","targetHints":{"allow":["GET"]}}],"collection":[{"href":"https:\/\/fortebaterias.com\/site\/wp-json\/wp\/v2\/pages"}],"about":[{"href":"https:\/\/fortebaterias.com\/site\/wp-json\/wp\/v2\/types\/page"}],"author":[{"embeddable":true,"href":"https:\/\/fortebaterias.com\/site\/wp-json\/wp\/v2\/users\/4"}],"replies":[{"embeddable":true,"href":"https:\/\/fortebaterias.com\/site\/wp-json\/wp\/v2\/comments?post=652"}],"version-history":[{"count":0,"href":"https:\/\/fortebaterias.com\/site\/wp-json\/wp\/v2\/pages\/652\/revisions"}],"wp:attachment":[{"href":"https:\/\/fortebaterias.com\/site\/wp-json\/wp\/v2\/media?parent=652"}],"curies":[{"name":"wp","href":"https:\/\/api.w.org\/{rel}","templated":true}]}}